{"id":28750,"date":"2017-07-14T09:01:00","date_gmt":"2017-07-14T07:01:00","guid":{"rendered":"http:\/\/serwer1421977.home.pl\/czerwiec17\/piotr94\/?page_id=28750"},"modified":"2017-07-14T09:01:00","modified_gmt":"2017-07-14T07:01:00","slug":"wyposazenie-warsztatow-i-narzedzia-ur","status":"publish","type":"page","link":"https:\/\/www.amtechpol.pl\/index.php\/wyposazenie-warsztatow-i-narzedzia-ur\/","title":{"rendered":"Wyposa\u017cenie warsztat\u00f3w i narz\u0119dzia UR"},"content":{"rendered":"<p>[et_pb_section admin_label=&#8221;Hero Section&#8221; global_module=&#8221;28738&#8243; transparent_background=&#8221;off&#8221; allow_player_pause=&#8221;off&#8221; inner_shadow=&#8221;off&#8221; parallax=&#8221;off&#8221; parallax_method=&#8221;on&#8221; padding_mobile=&#8221;off&#8221; make_fullwidth=&#8221;off&#8221; use_custom_width=&#8221;off&#8221; width_unit=&#8221;on&#8221; make_equal=&#8221;off&#8221; use_custom_gutter=&#8221;off&#8221; collapsed=&#8221;off&#8221; background_image=&#8221;http:\/\/www.amtechpol.pl\/wp-content\/uploads\/2017\/07\/top-header-2.jpg&#8221; module_id=&#8221;dotover&#8221; custom_css_after=&#8221;content: %22%22;||background: url(&#8217;https:\/\/www.infiniteimagination.com.au\/business\/wp-content\/uploads\/2016\/09\/texture.png&#8217;) repeat;||top: 0;||left: 0;||bottom: 0;||right: 0;||position: absolute;||z-index: 1;||&#8221;][et_pb_row global_parent=&#8221;28738&#8243; admin_label=&#8221;Row&#8221; make_fullwidth=&#8221;off&#8221; use_custom_width=&#8221;off&#8221; width_unit=&#8221;on&#8221; use_custom_gutter=&#8221;off&#8221; custom_padding=&#8221;10%||5%|&#8221; padding_mobile=&#8221;off&#8221; allow_player_pause=&#8221;off&#8221; parallax=&#8221;off&#8221; parallax_method=&#8221;off&#8221; make_equal=&#8221;off&#8221; parallax_1=&#8221;off&#8221; parallax_method_1=&#8221;off&#8221; column_padding_mobile=&#8221;on&#8221;][et_pb_column type=&#8221;4_4&#8243;][et_pb_cta global_parent=&#8221;28738&#8243; admin_label=&#8221;Need help with that?&#8221; button_url=&#8221;#next&#8221; url_new_window=&#8221;off&#8221; button_text=&#8221;Zobacz ofert\u0119&#8221; use_background_color=&#8221;off&#8221; background_color=&#8221;#fcbf00&#8243; background_layout=&#8221;dark&#8221; text_orientation=&#8221;center&#8221; header_font_size_last_edited=&#8221;on|desktop&#8221; use_border_color=&#8221;off&#8221; border_color=&#8221;#ffffff&#8221; border_style=&#8221;solid&#8221; custom_button=&#8221;on&#8221; button_use_icon=&#8221;on&#8221; button_icon_placement=&#8221;right&#8221; button_on_hover=&#8221;on&#8221; button_letter_spacing_hover=&#8221;3&#8243; custom_css_promo_button=&#8221;margin-top: 30px;&#8221; header_font_size=&#8221;52&#8243; header_font_size_phone=&#8221;30&#8243; header_font_size_tablet=&#8221;50&#8243; module_id=&#8221;toptext&#8221; button_border_radius=&#8221;0&#8243; header_font=&#8221;Open Sans|||on|&#8221; header_text_color=&#8221;#ffffff&#8221; body_text_color=&#8221;#ffffff&#8221; button_text_color=&#8221;#ffffff&#8221; button_bg_color=&#8221;rgba(0,0,0,0)&#8221; button_border_color=&#8221;rgba(255,255,255,0.6)&#8221; button_icon=&#8221;%%24%%&#8221; button_text_color_hover=&#8221;#ffffff&#8221; button_bg_color_hover=&#8221;rgba(255,255,255,0.2)&#8221; button_border_color_hover=&#8221;rgba(0,0,0,0)&#8221; custom_css_promo_title=&#8221;font-weight: 800;&#8221; header_line_height=&#8221;1.5em&#8221; body_font=&#8221;Open Sans||||&#8221; body_font_size=&#8221;18&#8243; body_line_height=&#8221;1.5em&#8221; button_font=&#8221;Oswald||||&#8221; button_border_radius_hover=&#8221;0&#8243; custom_css_main_element=&#8221;position: relative; z-index: 3;&#8221; button_letter_spacing=&#8221;0&#8243;]<\/p>\n<h2>Co mo\u017cemy dla Ciebie <span style=\"color: #fcbf00;\">zrobi\u0107<\/span>?<\/h2>\n<p>[\/et_pb_cta][\/et_pb_column][\/et_pb_row][\/et_pb_section][et_pb_section admin_label=&#8221;Sekcja&#8221; fullwidth=&#8221;off&#8221; specialty=&#8221;off&#8221;][et_pb_row admin_label=&#8221;Wiersz&#8221;][et_pb_column type=&#8221;4_4&#8243;][et_pb_text admin_label=&#8221;Tre\u015b\u0107 tekstowa strony&#8221; background_layout=&#8221;light&#8221; text_orientation=&#8221;left&#8221; use_border_color=&#8221;off&#8221; border_color=&#8221;#ffffff&#8221; border_style=&#8221;solid&#8221;] [\/et_pb_text][\/et_pb_column][\/et_pb_row][\/et_pb_section]<\/p>\n","protected":false},"excerpt":{"rendered":"<p>Co mo\u017cemy dla Ciebie zrobi\u0107?<\/p>\n","protected":false},"author":1,"featured_media":0,"parent":0,"menu_order":0,"comment_status":"closed","ping_status":"closed","template":"","meta":{"_et_pb_use_builder":"on","_et_pb_old_content":"","_et_gb_content_width":"","footnotes":""},"class_list":["post-28750","page","type-page","status-publish","hentry"],"_links":{"self":[{"href":"https:\/\/www.amtechpol.pl\/index.php\/wp-json\/wp\/v2\/pages\/28750"}],"collection":[{"href":"https:\/\/www.amtechpol.pl\/index.php\/wp-json\/wp\/v2\/pages"}],"about":[{"href":"https:\/\/www.amtechpol.pl\/index.php\/wp-json\/wp\/v2\/types\/page"}],"author":[{"embeddable":true,"href":"https:\/\/www.amtechpol.pl\/index.php\/wp-json\/wp\/v2\/users\/1"}],"replies":[{"embeddable":true,"href":"https:\/\/www.amtechpol.pl\/index.php\/wp-json\/wp\/v2\/comments?post=28750"}],"version-history":[{"count":0,"href":"https:\/\/www.amtechpol.pl\/index.php\/wp-json\/wp\/v2\/pages\/28750\/revisions"}],"wp:attachment":[{"href":"https:\/\/www.amtechpol.pl\/index.php\/wp-json\/wp\/v2\/media?parent=28750"}],"curies":[{"name":"wp","href":"https:\/\/api.w.org\/{rel}","templated":true}]}}